{"id":71,"date":"2015-01-09T20:46:18","date_gmt":"2015-01-09T20:46:18","guid":{"rendered":"http:\/\/www.johanna-tschautscher.eu\/?page_id=71"},"modified":"2015-01-14T09:52:54","modified_gmt":"2015-01-14T08:52:54","slug":"termine-hans-im-glueck","status":"publish","type":"page","link":"https:\/\/www.johanna-tschautscher.eu\/index.php\/filme\/hans-im-glueck\/termine-hans-im-glueck\/","title":{"rendered":"Termine &#8211; Hans im Gl\u00fcck"},"content":{"rendered":"<p style=\"text-align: left;\"><strong>PREMIERE<\/strong><\/p>\n<h4 style=\"text-align: left;\"><strong>8. November 2012<\/strong><\/h4>\n<p style=\"text-align: left;\">Moviemento Kino Linz<br \/>\n20 Uhr 30<\/p>\n<hr \/>\n<h4 style=\"text-align: left;\"><strong>9.10.11. November 2012<\/strong><\/h4>\n<p style=\"text-align: left;\">Moviemento Kino Linz<\/p>\n<p style=\"text-align: left;\">18 Uhr<\/p>\n<hr \/>\n<h4 style=\"text-align: left;\"><strong>12. November<\/strong><\/h4>\n<p style=\"text-align: left;\">Cinematograph Linz, im Rahmen des Philosophen-Kinos.<br \/>\nPhilosoph Dr. Werner Gabriel diskutiert die Frage: &#8222;Was tut uns gut?&#8220;<\/p>\n<p style=\"text-align: left;\">18 Uhr<\/p>\n<hr \/>\n<h4 style=\"text-align: left;\"><strong>3. Dezember 2012<\/strong><\/h4>\n<p style=\"text-align: left;\">Sondervorstellung City Kino Linz, Vormittag<\/p>\n<p style=\"text-align: left;\">11 Uhr<\/p>\n<hr \/>\n<h4 style=\"text-align: left;\"><strong>11. Dezember 2012<\/strong><\/h4>\n<p style=\"text-align: left;\">Kino Bad Leonfelden<\/p>\n<p style=\"text-align: left;\">20 Uhr<\/p>\n<hr \/>\n<h4 style=\"text-align: left;\"><strong>24. Januar 2013<\/strong><\/h4>\n<p style=\"text-align: left;\">Kino Bad Leonfelden<\/p>\n<p style=\"text-align: left;\">20 Uhr<\/p>\n<hr \/>\n<h4 style=\"text-align: left;\"><strong>21. Februar 2013<\/strong><\/h4>\n<p style=\"text-align: left;\">Kino Bad Leonfelden<\/p>\n<p style=\"text-align: left;\">20 Uhr<\/p>\n<hr \/>\n<h4 style=\"text-align: left;\"><strong>7. M\u00e4rz 2013<\/strong><\/h4>\n<p style=\"text-align: left;\">Gemeindesaal Ottensheim<\/p>\n<p style=\"text-align: left;\">20 Uhr<\/p>\n<hr \/>\n<h4 style=\"text-align: left;\"><strong>19. M\u00e4rz 2013<\/strong><\/h4>\n<p style=\"text-align: left;\">Kino Lambach<\/p>\n<p style=\"text-align: left;\">20 Uhr<\/p>\n<hr \/>\n<h4 style=\"text-align: left;\"><strong>8. April 2013<\/strong><\/h4>\n<p style=\"text-align: left;\">Kino Kirchdorf<\/p>\n<p style=\"text-align: left;\">19 Uhr<\/p>\n<hr \/>\n<h4 style=\"text-align: left;\"><strong>10. April 2013<\/strong><\/h4>\n<p style=\"text-align: left;\">Kino Kirchdorf<\/p>\n<p style=\"text-align: left;\">18 Uhr<\/p>\n<hr \/>\n<h4 style=\"text-align: left;\"><strong>19. April 2013<\/strong><\/h4>\n<p style=\"text-align: left;\">Kino Kirchdorf, Sch\u00fcler-Lehrlingsvorstellung<\/p>\n<p style=\"text-align: left;\">15 Uhr 15<\/p>\n<hr \/>\n<h4 style=\"text-align: left;\"><strong>3. Mai 2013<\/strong><\/h4>\n<p style=\"text-align: left;\">Ottensheim, Projekt: Donauwandel, www.donauwandel.eu<\/p>\n<hr \/>\n<h4 style=\"text-align: left;\"><strong>22. 23. Mai 2013<\/strong><\/h4>\n<p style=\"text-align: left;\">Kino Freistadt<\/p>\n<p style=\"text-align: left;\">20 Uhr<\/p>\n<hr \/>\n<h4 style=\"text-align: left;\"><strong>12. Juni 2013<\/strong><\/h4>\n<p style=\"text-align: left;\">\u00d6H-Sommerkino, Kepler-Universit\u00e4t Linz, H\u00f6rsaal 6<\/p>\n<p style=\"text-align: left;\">18 Uhr<\/p>\n<hr \/>\n<h4 style=\"text-align: left;\"><strong>21. Juni 2013<\/strong><\/h4>\n<p style=\"text-align: left;\">Kino Steyr, Open Air<\/p>\n<p style=\"text-align: left;\">21 Uhr Diskussionstart, 21 Uhr 20 Kinostart<br \/>\n<em>Die Biiista k\u00f6nnen in Steyr vor Ort getestet werden<\/em><\/p>\n<hr \/>\n<h4 style=\"text-align: left;\"><strong>23. September 2013<\/strong><\/h4>\n<p style=\"text-align: left;\">O\u00d6 Umweltkongress, Moviemento Kino Linz<\/p>\n<p style=\"text-align: left;\">14 Uhr<\/p>\n<hr \/>\n<h4 style=\"text-align: left;\"><strong>25. September 2013<\/strong><\/h4>\n<p style=\"text-align: left;\">WKO Linz<\/p>\n<p style=\"text-align: left;\">18 Uhr<\/p>\n<hr \/>\n<h4 style=\"text-align: left;\"><strong>22. November 2013<\/strong><\/h4>\n<p style=\"text-align: left;\">Reichenau<\/p>\n<p style=\"text-align: left;\">20 Uhr<\/p>\n","protected":false},"excerpt":{"rendered":"<p>PREMIERE 8. November 2012 Moviemento Kino Linz 20 Uhr 30 9.10.11. November 2012 Moviemento Kino Linz 18 Uhr 12. November Cinematograph Linz, im Rahmen des Philosophen-Kinos. Philosoph Dr. Werner Gabriel diskutiert die Frage: &#8222;Was tut uns gut?&#8220; 18 Uhr 3. Dezember 2012 Sondervorstellung City Kino Linz, Vormittag 11 Uhr 11. Dezember 2012 Kino Bad Leonfelden [&hellip;]<\/p>\n","protected":false},"author":1,"featured_media":0,"parent":67,"menu_order":0,"comment_status":"closed","ping_status":"closed","template":"","meta":{"ngg_post_thumbnail":0,"footnotes":""},"class_list":["post-71","page","type-page","status-publish","hentry"],"_links":{"self":[{"href":"https:\/\/www.johanna-tschautscher.eu\/index.php\/wp-json\/wp\/v2\/pages\/71","targetHints":{"allow":["GET"]}}],"collection":[{"href":"https:\/\/www.johanna-tschautscher.eu\/index.php\/wp-json\/wp\/v2\/pages"}],"about":[{"href":"https:\/\/www.johanna-tschautscher.eu\/index.php\/wp-json\/wp\/v2\/types\/page"}],"author":[{"embeddable":true,"href":"https:\/\/www.johanna-tschautscher.eu\/index.php\/wp-json\/wp\/v2\/users\/1"}],"replies":[{"embeddable":true,"href":"https:\/\/www.johanna-tschautscher.eu\/index.php\/wp-json\/wp\/v2\/comments?post=71"}],"version-history":[{"count":7,"href":"https:\/\/www.johanna-tschautscher.eu\/index.php\/wp-json\/wp\/v2\/pages\/71\/revisions"}],"predecessor-version":[{"id":899,"href":"https:\/\/www.johanna-tschautscher.eu\/index.php\/wp-json\/wp\/v2\/pages\/71\/revisions\/899"}],"up":[{"embeddable":true,"href":"https:\/\/www.johanna-tschautscher.eu\/index.php\/wp-json\/wp\/v2\/pages\/67"}],"wp:attachment":[{"href":"https:\/\/www.johanna-tschautscher.eu\/index.php\/wp-json\/wp\/v2\/media?parent=71"}],"curies":[{"name":"wp","href":"https:\/\/api.w.org\/{rel}","templated":true}]}}