{"id":302,"date":"2015-01-11T12:41:54","date_gmt":"2015-01-11T11:41:54","guid":{"rendered":"http:\/\/www.johanna-tschautscher.eu\/?page_id=302"},"modified":"2024-12-23T10:35:22","modified_gmt":"2024-12-23T09:35:22","slug":"inhalt-maria-roegner","status":"publish","type":"page","link":"https:\/\/www.johanna-tschautscher.eu\/index.php\/filme\/maria-roegner\/inhalt-maria-roegner\/","title":{"rendered":"Inhalt &#8211; Maria R\u00f6gner"},"content":{"rendered":"\n<p><em>\u201eWenn die Kinder in der 4. Klasse Volksschule immer noch nicht lesen k\u00f6nnen,<\/em><br><em>dann muss ich mich fragen, was ich falsch gemacht habe.\u201c<\/em><\/p>\n\n\n\n<p>Maria R\u00f6gner ist seit 30 Jahren Volksschullehrerin in Linz. Individualismus, Kreativit\u00e4t f\u00fcr das Entdecken des \u201eEigenen\u201c, Spontaneit\u00e4t und F\u00f6rderung der Selbstst\u00e4ndigkeit sind die Grundlagen ihrer Anschauungen. Die wichtigste Aufgabe des Lehrers sieht sie darin, ununterbrochen nachzudenken, um alte Mechanismen zu durchschauen, damit Individualit\u00e4t gedeiht. Durch Beziehung und absolute Ernstnahme jedes einzelnen Sch\u00fclers gelingt ihr seit Jahrzehnten ein homogenes Klassenklima, in der Schule grundlegend positiv ist und niemals Angst macht.<\/p>\n\n\n\n<p>Der Film zeigt die konkrete Arbeit der Lehrerin mit ihren Kindern in der Schule, ihre Arbeits- und Vorbereitungszeit zu Hause, ihre spontanen Gedanken am Abend, in der Fr\u00fch, in der Pause, nach der Schule im Auto und einer Reise nach Deutschland, wo sie ihren pers\u00f6nlichen Interessen nachgeht, die selbstverst\u00e4ndlich wieder in den Unterricht einflie\u00dfen.<\/p>\n","protected":false},"excerpt":{"rendered":"<p>\u201eWenn die Kinder in der 4. Klasse Volksschule immer noch nicht lesen k\u00f6nnen,dann muss ich mich fragen, was ich falsch gemacht habe.\u201c Maria R\u00f6gner ist seit 30 Jahren Volksschullehrerin in Linz. Individualismus, Kreativit\u00e4t f\u00fcr das Entdecken des \u201eEigenen\u201c, Spontaneit\u00e4t und F\u00f6rderung der Selbstst\u00e4ndigkeit sind die Grundlagen ihrer Anschauungen. Die wichtigste Aufgabe des Lehrers sieht sie [&hellip;]<\/p>\n","protected":false},"author":1,"featured_media":0,"parent":300,"menu_order":0,"comment_status":"closed","ping_status":"closed","template":"","meta":{"ngg_post_thumbnail":0,"footnotes":""},"class_list":["post-302","page","type-page","status-publish","hentry"],"_links":{"self":[{"href":"https:\/\/www.johanna-tschautscher.eu\/index.php\/wp-json\/wp\/v2\/pages\/302","targetHints":{"allow":["GET"]}}],"collection":[{"href":"https:\/\/www.johanna-tschautscher.eu\/index.php\/wp-json\/wp\/v2\/pages"}],"about":[{"href":"https:\/\/www.johanna-tschautscher.eu\/index.php\/wp-json\/wp\/v2\/types\/page"}],"author":[{"embeddable":true,"href":"https:\/\/www.johanna-tschautscher.eu\/index.php\/wp-json\/wp\/v2\/users\/1"}],"replies":[{"embeddable":true,"href":"https:\/\/www.johanna-tschautscher.eu\/index.php\/wp-json\/wp\/v2\/comments?post=302"}],"version-history":[{"count":4,"href":"https:\/\/www.johanna-tschautscher.eu\/index.php\/wp-json\/wp\/v2\/pages\/302\/revisions"}],"predecessor-version":[{"id":3482,"href":"https:\/\/www.johanna-tschautscher.eu\/index.php\/wp-json\/wp\/v2\/pages\/302\/revisions\/3482"}],"up":[{"embeddable":true,"href":"https:\/\/www.johanna-tschautscher.eu\/index.php\/wp-json\/wp\/v2\/pages\/300"}],"wp:attachment":[{"href":"https:\/\/www.johanna-tschautscher.eu\/index.php\/wp-json\/wp\/v2\/media?parent=302"}],"curies":[{"name":"wp","href":"https:\/\/api.w.org\/{rel}","templated":true}]}}