{"id":253,"date":"2015-01-11T11:27:48","date_gmt":"2015-01-11T10:27:48","guid":{"rendered":"http:\/\/www.johanna-tschautscher.eu\/?page_id=253"},"modified":"2015-01-14T15:54:16","modified_gmt":"2015-01-14T14:54:16","slug":"inhalt-niemand-vermischt-mit-dem-nichts","status":"publish","type":"page","link":"https:\/\/www.johanna-tschautscher.eu\/index.php\/filme\/niemand-vermischt-mit-dem-nichts\/inhalt-niemand-vermischt-mit-dem-nichts\/","title":{"rendered":"Inhalt &#8211; Niemand vermischt mit dem Nichts"},"content":{"rendered":"<p style=\"text-align: justify;\">Mord, Erpressung und Racheakte mit professioneller Brutalit\u00e4t und kaltem Pragmatismus: Die Mafia agiert in Sizilien seit jeher als omnipotente Schattenregierung und ist immer noch die Inkarnation des M\u00e4nnlichen. Wer die organisierte Kriminalit\u00e4t bek\u00e4mpft, st\u00f6\u00dft auf eine Mauer des Schweigens und gibt sein normales Leben auf. Er muss von Leibw\u00e4chtern besch\u00fctzt werden.<br \/>\nRegisseurin Johanna Tschautscher geht in ihrem Film der Frage nach, warum sich Tausende junge Menschen der Cosa Nostra anschlie\u00dfen und findet die Ursache nicht in Habgier und Machthunger, sondern in der Suche nach verloren gegangenen Werten und einer Superidentit\u00e4t, die die Mafia ihren Mitgliedern geben kann.<br \/>\n&#8222;Fr\u00fcher war ich in Sizilien ein <em>niemand vermischt mit dem nichts<\/em>, aber an dem Tag, als ich ein Mafioso wurde, senkten sich \u00fcberall wo ich hinkam die K\u00f6pfe vor mir, und das ist mehr wert, als all das Geld, das ich in der Cosa Nostra gemacht habe.&#8220; Marino Mannoia, Mafia-\u00dcberl\u00e4ufer.<br \/>\nLiegt also die Ursache f\u00fcr die Allmacht der Mafia im menschlichen Grundbed\u00fcrfnis nach Identit\u00e4t? Staatsanwalt Roberto Scarpinato aus Palermo erz\u00e4hlt von seinen Begegnungen mit \u00dcberl\u00e4ufern und deren Motiven. Er berichtet von seiner Angst auf dem Weg ins B\u00fcro, von der Trauer um seine Kollegen Falcone und Borsellino. Der Aktivist Pino Martinez erz\u00e4hlt von seiner Zusammenarbeit mit einem mutigen Priester, der von der Mafia vor seinem Haus kaltbl\u00fctig erschossen wurde.<\/p>\n<p style=\"text-align: justify;\">Johanna Tschautscher fragt nach den Ursachen der Mafia in einem neuen Kontext.<\/p>\n","protected":false},"excerpt":{"rendered":"<p>Mord, Erpressung und Racheakte mit professioneller Brutalit\u00e4t und kaltem Pragmatismus: Die Mafia agiert in Sizilien seit jeher als omnipotente Schattenregierung und ist immer noch die Inkarnation des M\u00e4nnlichen. Wer die organisierte Kriminalit\u00e4t bek\u00e4mpft, st\u00f6\u00dft auf eine Mauer des Schweigens und gibt sein normales Leben auf. Er muss von Leibw\u00e4chtern besch\u00fctzt werden. Regisseurin Johanna Tschautscher geht [&hellip;]<\/p>\n","protected":false},"author":1,"featured_media":0,"parent":251,"menu_order":0,"comment_status":"closed","ping_status":"closed","template":"","meta":{"ngg_post_thumbnail":0,"footnotes":""},"class_list":["post-253","page","type-page","status-publish","hentry"],"_links":{"self":[{"href":"https:\/\/www.johanna-tschautscher.eu\/index.php\/wp-json\/wp\/v2\/pages\/253","targetHints":{"allow":["GET"]}}],"collection":[{"href":"https:\/\/www.johanna-tschautscher.eu\/index.php\/wp-json\/wp\/v2\/pages"}],"about":[{"href":"https:\/\/www.johanna-tschautscher.eu\/index.php\/wp-json\/wp\/v2\/types\/page"}],"author":[{"embeddable":true,"href":"https:\/\/www.johanna-tschautscher.eu\/index.php\/wp-json\/wp\/v2\/users\/1"}],"replies":[{"embeddable":true,"href":"https:\/\/www.johanna-tschautscher.eu\/index.php\/wp-json\/wp\/v2\/comments?post=253"}],"version-history":[{"count":4,"href":"https:\/\/www.johanna-tschautscher.eu\/index.php\/wp-json\/wp\/v2\/pages\/253\/revisions"}],"predecessor-version":[{"id":982,"href":"https:\/\/www.johanna-tschautscher.eu\/index.php\/wp-json\/wp\/v2\/pages\/253\/revisions\/982"}],"up":[{"embeddable":true,"href":"https:\/\/www.johanna-tschautscher.eu\/index.php\/wp-json\/wp\/v2\/pages\/251"}],"wp:attachment":[{"href":"https:\/\/www.johanna-tschautscher.eu\/index.php\/wp-json\/wp\/v2\/media?parent=253"}],"curies":[{"name":"wp","href":"https:\/\/api.w.org\/{rel}","templated":true}]}}