{"id":231,"date":"2015-01-11T11:08:54","date_gmt":"2015-01-11T10:08:54","guid":{"rendered":"http:\/\/www.johanna-tschautscher.eu\/?page_id=231"},"modified":"2015-01-14T16:17:01","modified_gmt":"2015-01-14T15:17:01","slug":"dvd-fluchtziel-europa-jenseits-vom-traum","status":"publish","type":"page","link":"https:\/\/www.johanna-tschautscher.eu\/index.php\/filme\/fluchtziel-europa-jenseits-vom-traum\/dvd-fluchtziel-europa-jenseits-vom-traum\/","title":{"rendered":"Termine &#8211; Fluchtziel Europa jenseits vom Traum"},"content":{"rendered":"<p><strong>11. April 2011<\/strong><br \/>\n3-SAT, 23 Uhr 25<br \/>\n&#8222;Fluchtziel Europa jenseits vom Traum&#8220;<br \/>\naktualisierte Fassung mit Bildern aus der Senegalreise 2011<\/p>\n<p><strong>2011<\/strong><br \/>\nSenegal, \u00dcbergabe von 500 Kopien des Filmes an den Bildungsminister im Parlament in Dakar. Verbreitung des Filmes an 500 Schulen und Universit\u00e4ten im Senegal<\/p>\n<p><strong>2009<\/strong><br \/>\nSENEGAL<br \/>\nOrganisation: Ibou Mane<br \/>\nIbou Mane bringt im Dezember 2009 15 Kopien des Films in den Senegal und kontaktiert Dorfchefs und Entscheidungstr\u00e4ger in Casamance, Cap Skirring und Elinkine. Er nimmt auch Kontakt zu einem Mitglied der Regierung auf, um Diskussionen anzuregen.<\/p>\n<p><strong>2010<\/strong><br \/>\n5 L\u00e4nder Afrikas<br \/>\nRadio Afrika Wien<br \/>\nKontakt: Alexis Neuberg<\/p>\n<p><strong>2010<\/strong><br \/>\nCOTE D&#8217;IVOIRE<br \/>\nHannah Tchelly, Filmfestival<\/p>\n<p><strong>2009<\/strong><br \/>\nGHANA<br \/>\nFischerdorf Akatakyi<br \/>\nUlli Binder aus Linz verteilt 8 Kopien des Films<\/p>\n<p><strong>2009<\/strong><br \/>\nGABUN<br \/>\nDjallo Mamadou<\/p>\n<p><strong>2009<\/strong><br \/>\nGHANA<br \/>\nHannah Lehleitner, Deutschland<\/p>\n<p><strong>2009<\/strong><br \/>\nKAMERUN<br \/>\nNatalie Patterer, Bayreuth<\/p>\n<p><strong>2009<\/strong><br \/>\nLINZ<br \/>\nPolizeidirektion Linz<br \/>\nverein Fair&amp;Sensibel<\/p>\n<p><strong>2008\/2009<\/strong><br \/>\nAGADEZ\/NIGER<br \/>\nW\u00fcstenkino Sahara, Mohamed Akser von der NGO Hed Tamat in Agadez, in der W\u00fcstenstadt in der Sahara, veranstaltet 3 Monate eine W\u00fcstenkino auf dem Marktplatz in Agadez. Der Marktplatz ist Umschlagplatz f\u00fcr W\u00fcstendurchquerungen. Genau dort reisen w\u00f6chentlich bis zu 500 Afrikaner in den Norden zum Mittelmeer. Das W\u00fcstenkino informierte 3 Monate lang \u00fcber Risiken und Gefahren dieser irregul\u00e4ren Migration.<\/p>\n<p><strong>2008<\/strong><br \/>\nLINZ<br \/>\nKatholische Hochschule der Di\u00f6zese Linz<br \/>\nVeranstalter: Mag. Elisabeth Maischerbauer-Hueber<\/p>\n<p><strong>2008<\/strong><br \/>\nBR\u00dcSSEL<br \/>\nEurop\u00e4isches Parlament<br \/>\nVeranstalter: Karin Resetarits &#8211; Alde Gruppe<\/p>\n<p><strong>2008<\/strong><br \/>\nACCRA\/GHANA<br \/>\nUniversitiy for Communication, Yankah Association<br \/>\nStra\u00dfenvorf\u00fchrung<\/p>\n<p><strong>2008<\/strong><br \/>\nLINZ<br \/>\nKepler-Universit\u00e4t, Kulturinstitut, Dr. Gerhard Fr\u00f6hlich<\/p>\n<p><strong>2008<\/strong><br \/>\nKIRCHDORF\/O\u00d6<br \/>\nKino<\/p>\n<p><strong>2007<\/strong><br \/>\nKINSHASA\/KONGO<br \/>\nFernsehsender Antenne A, Dr. Joe TalaNgai. \u00dcber den Fernsehsender Antenne A wird der Film im Kongo verbreitet. Der Kontakt wurde von dem kongolesischen Schauspieler Bruno Mbayao hergestellt. Bruno Mbayao arbeitet in Vorarlberg am Theater.<\/p>\n","protected":false},"excerpt":{"rendered":"<p>11. April 2011 3-SAT, 23 Uhr 25 &#8222;Fluchtziel Europa jenseits vom Traum&#8220; aktualisierte Fassung mit Bildern aus der Senegalreise 2011 2011 Senegal, \u00dcbergabe von 500 Kopien des Filmes an den Bildungsminister im Parlament in Dakar. Verbreitung des Filmes an 500 Schulen und Universit\u00e4ten im Senegal 2009 SENEGAL Organisation: Ibou Mane Ibou Mane bringt im Dezember [&hellip;]<\/p>\n","protected":false},"author":1,"featured_media":0,"parent":221,"menu_order":0,"comment_status":"closed","ping_status":"closed","template":"","meta":{"ngg_post_thumbnail":0,"footnotes":""},"class_list":["post-231","page","type-page","status-publish","hentry"],"_links":{"self":[{"href":"https:\/\/www.johanna-tschautscher.eu\/index.php\/wp-json\/wp\/v2\/pages\/231","targetHints":{"allow":["GET"]}}],"collection":[{"href":"https:\/\/www.johanna-tschautscher.eu\/index.php\/wp-json\/wp\/v2\/pages"}],"about":[{"href":"https:\/\/www.johanna-tschautscher.eu\/index.php\/wp-json\/wp\/v2\/types\/page"}],"author":[{"embeddable":true,"href":"https:\/\/www.johanna-tschautscher.eu\/index.php\/wp-json\/wp\/v2\/users\/1"}],"replies":[{"embeddable":true,"href":"https:\/\/www.johanna-tschautscher.eu\/index.php\/wp-json\/wp\/v2\/comments?post=231"}],"version-history":[{"count":3,"href":"https:\/\/www.johanna-tschautscher.eu\/index.php\/wp-json\/wp\/v2\/pages\/231\/revisions"}],"predecessor-version":[{"id":234,"href":"https:\/\/www.johanna-tschautscher.eu\/index.php\/wp-json\/wp\/v2\/pages\/231\/revisions\/234"}],"up":[{"embeddable":true,"href":"https:\/\/www.johanna-tschautscher.eu\/index.php\/wp-json\/wp\/v2\/pages\/221"}],"wp:attachment":[{"href":"https:\/\/www.johanna-tschautscher.eu\/index.php\/wp-json\/wp\/v2\/media?parent=231"}],"curies":[{"name":"wp","href":"https:\/\/api.w.org\/{rel}","templated":true}]}}