{"id":221,"date":"2015-01-11T11:03:07","date_gmt":"2015-01-11T10:03:07","guid":{"rendered":"http:\/\/www.johanna-tschautscher.eu\/?page_id=221"},"modified":"2025-01-07T13:01:41","modified_gmt":"2025-01-07T12:01:41","slug":"fluchtziel-europa-jenseits-vom-traum","status":"publish","type":"page","link":"https:\/\/www.johanna-tschautscher.eu\/index.php\/filme\/fluchtziel-europa-jenseits-vom-traum\/","title":{"rendered":"Fluchtziel Europa jenseits vom Traum"},"content":{"rendered":"ngg_shortcode_0_placeholder\n\n\n\n<p><strong>&#8222;FLUCHTZIEL EUROPA JENSEITS VOM TRAUM&#8220;<\/strong><\/p>\n\n\n\n<p><em>Film f\u00fcr afrikanische Fernsehsender \u00fcber die irregul\u00e4re Migration zwischen Afrika und Europa<\/em><\/p>\n\n\n\n<p>englischer Titel <strong>EUROPE BEYOND THE DREAM<\/strong><\/p>\n\n\n\n<p>franz\u00f6sischer Titel<strong> L&#8217;EUROPE AU DELA DU REVE<\/strong><\/p>\n\n\n\n<p>Dokumentarfilm, 48 min. AUT 2009<br>Regie\/Buch\/Schnitt: Johanna Tschautscher<br>Kamera: Dominik Spritzendorfer, Johanna Tschautscher<br>Musik: Gerald H\u00f6fler<br>Ton: Matthias Smycka<br>Mit: Oberstleutnant Diethmar Huber, Valeria Bertolino, Dr. Paolo Cuttitta, Corinna Milborn, Major Gerd Katzelberger, Chefinspektorin Juliane Kogler, Barbara Karnberger, Patrick Addai, Bruno Mbayabo, Joana Adesuwa Reiterer, Dr. Chibueze Udeani<br>Produzenten: Michael Seeber, Arash T. Riahi<br>Produktion: Golden Girls Filmproduktion<br>Sprachen: Deutsch\/Englisch\/Franz\u00f6sisch<br>Untertitel: Deutsch<\/p>\n\n\n\n<p>&nbsp;<\/p>\n\n\n\n<p>Dieser Film lief zwischen 2007 und 2011 in 13 verschiedenen Afrikanischen L\u00e4ndern. N\u00e4here Informationen siehe Termine<\/p>\n\n\n\n<p>&nbsp;<\/p>\n\n\n\n<p><a href=\"https:\/\/www.johanna-tschautscher.eu\/?page_id=225\" data-type=\"page\" data-id=\"225\">Inhalt<\/a> \/ <a href=\"https:\/\/www.johanna-tschautscher.eu\/?page_id=231\" data-type=\"page\" data-id=\"231\">Termine<\/a> \/ <a href=\"http:\/\/www.flimmit.com\/fluchtziel-europa\" target=\"_blank\" rel=\"noopener\">Stream<\/a> \/ <a href=\"https:\/\/www.johanna-tschautscher.eu\/?page_id=269\" data-type=\"page\" data-id=\"269\">Presse <\/a>\/ <a href=\"https:\/\/www.johanna-tschautscher.eu\/?page_id=242\" data-type=\"page\" data-id=\"242\">DVD<\/a><\/p>\n","protected":false},"excerpt":{"rendered":"<p>&#8222;FLUCHTZIEL EUROPA JENSEITS VOM TRAUM&#8220; Film f\u00fcr afrikanische Fernsehsender \u00fcber die irregul\u00e4re Migration zwischen Afrika und Europa englischer Titel EUROPE BEYOND THE DREAM franz\u00f6sischer Titel L&#8217;EUROPE AU DELA DU REVE Dokumentarfilm, 48 min. AUT 2009Regie\/Buch\/Schnitt: Johanna TschautscherKamera: Dominik Spritzendorfer, Johanna TschautscherMusik: Gerald H\u00f6flerTon: Matthias SmyckaMit: Oberstleutnant Diethmar Huber, Valeria Bertolino, Dr. Paolo Cuttitta, Corinna Milborn, [&hellip;]<\/p>\n","protected":false},"author":1,"featured_media":0,"parent":31,"menu_order":0,"comment_status":"closed","ping_status":"closed","template":"page-full-width.php","meta":{"ngg_post_thumbnail":0,"footnotes":""},"class_list":["post-221","page","type-page","status-publish","hentry"],"_links":{"self":[{"href":"https:\/\/www.johanna-tschautscher.eu\/index.php\/wp-json\/wp\/v2\/pages\/221","targetHints":{"allow":["GET"]}}],"collection":[{"href":"https:\/\/www.johanna-tschautscher.eu\/index.php\/wp-json\/wp\/v2\/pages"}],"about":[{"href":"https:\/\/www.johanna-tschautscher.eu\/index.php\/wp-json\/wp\/v2\/types\/page"}],"author":[{"embeddable":true,"href":"https:\/\/www.johanna-tschautscher.eu\/index.php\/wp-json\/wp\/v2\/users\/1"}],"replies":[{"embeddable":true,"href":"https:\/\/www.johanna-tschautscher.eu\/index.php\/wp-json\/wp\/v2\/comments?post=221"}],"version-history":[{"count":11,"href":"https:\/\/www.johanna-tschautscher.eu\/index.php\/wp-json\/wp\/v2\/pages\/221\/revisions"}],"predecessor-version":[{"id":3863,"href":"https:\/\/www.johanna-tschautscher.eu\/index.php\/wp-json\/wp\/v2\/pages\/221\/revisions\/3863"}],"up":[{"embeddable":true,"href":"https:\/\/www.johanna-tschautscher.eu\/index.php\/wp-json\/wp\/v2\/pages\/31"}],"wp:attachment":[{"href":"https:\/\/www.johanna-tschautscher.eu\/index.php\/wp-json\/wp\/v2\/media?parent=221"}],"curies":[{"name":"wp","href":"https:\/\/api.w.org\/{rel}","templated":true}]}}